432?
16
Calculate the greatest common divisor of 192 and 132.
12
What is the greatest common factor of 1469 and 113?
113
Calculate the highest common divisor of 1426 and 46.
46
Calculate the greatest common divisor of 1512 and 63.
63
What is the greatest common factor of 756 and 112?
28
What is the highest common factor of 1342 and 61?
61
What is the highest common divisor of 375 and 15?
15
Calculate the highest common divisor of 5720 and 40.
40
What is the greatest common factor of 33 and 1617?
33
What is the greatest common divisor of 21 and 57?
3
What is the greatest common divisor of 24 and 168?
24
What is the highest common factor of 15 and 1935?
15
Calculate the highest common divisor of 141 and 45.
3
Calculate the highest common factor of 14883 and 242.
121
Calculate the highest common factor of 180 and 588.
12
Calculate the highest common factor of 11208 and 96.
24
What is the greatest common factor of 140 and 40?
20
What is the greatest common factor of 92 and 37651?
23
Calculate the highest common factor of 38560 and 160.
160
What is the greatest common divisor of 52 and 3744?
52
Calculate the highest common factor of 12 and 1248.
12
Calculate the greatest common divisor of 1067 and 3007.
97
Calculate the greatest common factor of 90 and 90.
90
Calculate the highest common divisor of 52 and 2197.
13
What is the highest common divisor of 1211 and 35?
7
Calculate the highest common factor of 143 and 1144.
143
Calculate the highest common factor of 176 and 32.
16
Calculate the greatest common divisor of 13 and 1963.
13
What is the highest common divisor of 110 and 7315?
55
Calculate the greatest common divisor of 434 and 14.
14
What is the highest common divisor of 45 and 10?
5
Calculate the highest common factor of 1638 and 1794.
78
Calculate the highest common divisor of 1 and 599.
1
What is the highest common factor of 2211 and 132?
33
Calculate the greatest common factor of 834 and 6.
6
What is the greatest common factor of 110 and 5?
5
What is the greatest common factor of 567 and 891?
81
What is the highest common divisor of 500 and 160?
20
Calculate the highest common factor of 730 and 10.
10
What is the greatest common factor of 304 and 2546?
38
Calculate the highest common divisor of 16 and 108.
4
What is the highest common divisor of 135 and 3765?
15
What is the highest common divisor of 10 and 34990?
10
What is the greatest common divisor of 8 and 8368?
8
Calculate the highest common divisor of 69 and 46920.
69
Calculate the greatest common divisor of 22 and 50182.
22
Calculate the greatest common factor of 406 and 56.
14
What is the greatest common factor of 70 and 8?
2
Calculate the highest common divisor of 262 and 2227.
131
Calculate the greatest common divisor of 6930 and 55.
55
Calculate the greatest common factor of 68 and 44404.
68
Calculate the greatest common factor of 44 and 1738.
22
What is the highest common divisor of 110 and 14410?
110
Calculate the highest common factor of 15 and 35.
5
Calculate the highest common divisor of 17580 and 300.
60
What is the greatest common divisor of 143 and 26?
13
Calculate the greatest common divisor of 41 and 1763.
41
What is the greatest common divisor of 21 and 87?
3
Calculate the greatest common factor of 32 and 896.
32
What is the greatest common divisor of 78 and 3?
3
What is the highest common divisor of 1370 and 20?
10
What is the greatest common factor of 32 and 64?
32
What is the greatest common factor of 19516 and 28?
28
What is the highest common divisor of 34 and 38?
2
Calculate the highest common factor of 285 and 1155.
15
Calculate the highest common factor of 16 and 112.
16
Calculate the greatest common factor of 5 and 160.
5
Calculate the greatest common divisor of 245 and 735.
245
What is the highest common divisor of 76 and 22914?
38
Calculate the greatest common factor of 507 and 3.
3
Calculate the greatest common divisor of 6586 and 37.
37
What is the highest common factor of 13 and 2314?
13
Calculate the greatest common divisor of 29 and 116.
29
What is the highest common factor of 775 and 75?
25
Calculate the greatest common factor of 46 and 230.
46
What is the greatest common factor of 5 and 5095?
5
Calculate the highest common divisor of 644 and 1012.
92
What is the greatest common divisor of 1472 and 46?
46
Calculate the highest common factor of 51 and 1360.
17
Calculate the highest common divisor of 15 and 10.
5
What is the greatest common factor of 15 and 10?
5
What is the highest common factor of 88 and 64?
8
What is the greatest common factor of 266 and 56?
14
Calculate the greatest common divisor of 3211 and 611.
13
Calculate the greatest common factor of 20064 and 228.
228
What is the greatest common divisor of 1200 and 48?
48
Calculate the greatest common divisor of 5593 and 85.
17
Calculate the highest common divisor of 248 and 806.
62
What is the highest common divisor of 36 and 132?
12
Calculate the greatest common divisor of 20 and 820.
20
What is the highest common factor of 259 and 333?
37
Calculate the highest common factor of 4902 and 399.
57
What is the greatest common factor of 928 and 640?
32
Calculate the highest common factor of 455 and 665.
35
What is the highest common factor of 1420 and 8?
4
Calculate the greatest common factor of 2 and 44.
2
Calculate the highest common factor of 37 and 407.
37
Calculate the greatest common divisor of 86 and 4.
2
Calculate the greatest common factor of 36 and 3132.
36
Calculate the highest common factor of 175 and 125.
25
Calculate the greatest common factor of 868 and 56.
28
What is the greatest common divisor of 504 and 112?
56
What is the greatest common divisor of 5 and 4115?
5
Calculate the greatest common divisor of 21 and 175.
7
What is the highest common factor of 638 and 220?
22
What is the greatest common divisor of 26 and 2782?
26
Calculate the highest common factor of 3 and 368.
1
Calculate the greatest common factor of 400 and 256.
16
Calculate the greatest common divisor of 9342 and 81.
27
What is the greatest common factor of 37317 and 42?
21
What is the greatest common divisor of 54 and 2349?
27
Calculate the greatest common divisor of 740 and 20.
20
Calculate the highest common factor of 96 and 78.
6
What is the greatest common divisor of 592 and 1024?
16
What is the greatest common divisor of 33 and 6?
3
What is the greatest common divisor of 14360 and 32?
8
What is the greatest common factor of 24 and 648?
24
Calculate the highest common factor of 4 and 4652.
4
Calculate the greatest common factor of 270 and 1170.
90
Calculate the greatest common divisor of 294 and 37338.
294
Calculate the greatest common divisor of 588 and 6076.
196
Calculate the highest common factor of 15 and 11985.
15
What is the highest common divisor of 624 and 26?
26
Calculate the highest common factor of 603 and 63.
9
What is the greatest common factor of 107 and 2461?
107
Calculate the highest common factor of 2490 and 870.
30
Calculate the highest common factor of 22 and 451.
11
Calculate the highest common divisor of 2394 and 504.
126
Calculate the highest common factor of 42 and 15225.
21
What is the greatest common divisor of 3715 and 5?
5
What is the greatest common factor of 2492 and 84?
28
What is the greatest common divisor of 2 and 818?
2
What is the highest common divisor of 36 and 1968?
12
What is the greatest common factor of 304 and 5?
1
Calculate the greatest common divisor of 649 and 22.
11
What is the greatest common factor of 1936 and 16?
16
Calculate the greatest common divisor of 1350 and 1242.
54
What is the greatest common factor of 53352 and 104?
104
Calculate the greatest common divisor of 12 and 186.
6
What is the highest common divisor of 603 and 268?
67
Calculate the highest common factor of 50 and 2050.
50
Calculate the greatest common factor of 2 and 340.
2
Calculate the highest common divisor of 30 and 138.
6
Calculate the highest common divisor of 256 and 304.
16
Calculate the greatest common divisor of 7918 and 214.
214
Calculate the greatest common divisor of 27 and 27.
27
Calculate the highest common factor of 58 and 20068.
58
What is the greatest common factor of 14 and 14462?
14
Calculate the greatest common divisor of 3082 and 134.
134
What is the greatest comm